ime factors of 9809160?
2, 3, 5, 43, 1901
List the prime factors of 3752043.
3, 601, 2081
What are the prime factors of 29430852?
2, 3, 11, 59, 3779
What are the prime factors of 7356693?
3, 2452231
What are the prime factors of 339870?
2, 3, 5, 11329
What are the prime factors of 27630011?
29, 61, 15619
What are the prime factors of 13981618?
2, 7, 998687
What are the prime factors of 58502?
2, 29251
What are the prime factors of 1907205?
3, 5, 53, 2399
What are the prime factors of 5796119?
7, 103, 8039
What are the prime factors of 3099291?
3, 13, 6113
List the prime factors of 1642086.
2, 3, 47, 647
List the prime factors of 301464.
2, 3, 53, 79
List the prime factors of 10481314.
2, 677, 7741
What are the prime factors of 98184?
2, 3, 4091
List the prime factors of 1093453.
547, 1999
List the prime factors of 2307451.
2307451
What are the prime factors of 10097090?
2, 5, 103, 9803
What are the prime factors of 8806159?
883, 9973
What are the prime factors of 28475294?
2, 211, 67477
List the prime factors of 77865.
3, 5, 29, 179
List the prime factors of 2011464.
2, 3, 7, 13, 307
What are the prime factors of 22635994?
2, 11317997
List the prime factors of 280404.
2, 3, 7789
List the prime factors of 2131253.
2131253
List the prime factors of 199420.
2, 5, 13, 59
What are the prime factors of 1239936?
2, 3, 3229
List the prime factors of 243967.
17, 113, 127
What are the prime factors of 887419?
13, 59, 89
What are the prime factors of 2390162?
2, 19, 31, 2029
List the prime factors of 4914642.
2, 3, 43, 443
What are the prime factors of 666075?
3, 5, 83, 107
What are the prime factors of 5915015?
5, 1183003
What are the prime factors of 17720021?
11, 109, 14779
What are the prime factors of 451482?
2, 3, 47, 1601
What are the prime factors of 1541551?
11, 353, 397
List the prime factors of 66777.
3, 22259
What are the prime factors of 9219648?
2, 3, 31, 1549
What are the prime factors of 4300973?
19, 226367
List the prime factors of 8446250.
2, 5, 29, 233
List the prime factors of 11179717.
11179717
List the prime factors of 1252443.
3, 53, 7877
List the prime factors of 1016837.
659, 1543
What are the prime factors of 14661112?
2, 677, 2707
What are the prime factors of 18564764?
2, 4641191
List the prime factors of 161225.
5, 6449
What are the prime factors of 11921720?
2, 5, 298043
List the prime factors of 12571004.
2, 3142751
What are the prime factors of 1905765?
3, 5, 127051
What are the prime factors of 3174229?
191, 16619
List the prime factors of 3694665.
3, 5, 13, 18947
List the prime factors of 14405968.
2, 691, 1303
List the prime factors of 3887163.
3, 7, 131, 157
What are the prime factors of 22224?
2, 3, 463
List the prime factors of 47448.
2, 3, 659
What are the prime factors of 1163033?
1163033
What are the prime factors of 667236?
2, 3, 55603
List the prime factors of 3318879.
3, 1106293
List the prime factors of 362613.
3, 120871
List the prime factors of 632599.
11, 131, 439
What are the prime factors of 113089?
113089
What are the prime factors of 99240?
2, 3, 5, 827
List the prime factors of 5363333.
41, 257, 509
What are the prime factors of 2263645?
5, 401, 1129
What are the prime factors of 6702017?
7, 957431
List the prime factors of 783270.
2, 3, 5, 967
List the prime factors of 593051.
593051
What are the prime factors of 1183249?
811, 1459
What are the prime factors of 85128?
2, 3, 3547
What are the prime factors of 22669824?
2, 3, 14759
What are the prime factors of 317521?
29, 10949
What are the prime factors of 761040?
2, 3, 5, 7, 151
List the prime factors of 368364.
2, 3, 30697
What are the prime factors of 563449?
563449
List the prime factors of 40868551.
40868551
What are the prime factors of 152845?
5, 7, 11, 397
List the prime factors of 620128.
2, 19379
List the prime factors of 1475109.
3, 163901
List the prime factors of 13956.
2, 3, 1163
List the prime factors of 1759344.
2, 3, 36653
List the prime factors of 27502161.
3, 157, 58391
List the prime factors of 33302.
2, 16651
List the prime factors of 2977102.
2, 139, 10709
What are the prime factors of 798587?
199, 4013
List the prime factors of 432288.
2, 3, 19, 79
What are the prime factors of 28891517?
17, 1699501
List the prime factors of 1875925.
5, 75037
List the prime factors of 7315411.
31, 367, 643
What are the prime factors of 528801?
3, 7, 13, 149
What are the prime factors of 22956392?
2, 17, 23, 41, 179
List the prime factors of 341330.
2, 5, 11, 29, 107
List the prime factors of 463987.
463987
What are the prime factors of 18976?
2, 593
List the prime factors of 119411.
43, 2777
List the prime factors of 10413396.
2, 3, 7, 31, 43
What are the prime factors of 7782872?
2, 17, 89, 643
List the prime factors of 366278.
2, 11, 16649
List the prime factors of 2237283.
3, 248587
What are the prime factors of 688934?
2, 61, 5647
List the prime factors of 201062.
2, 229, 439
List the prime factors of 1823309.
97, 18797
List the prime factors of 2519859.
3, 17, 49409
What are the prime factors of 3484860?
2, 3, 5, 241
List the prime factors of 201496.
2, 89, 283
What are the prime factors of 5161985?
5, 1032397
What are the prime factors of 7186800?
2, 3, 5, 53, 113
What are the prime factors of 5516027?
11, 45587
What are the prime factors of 4360651?
4360651
What are the prime factors of 1064297?
13, 81869
What are the prime factors of 3492875?
5, 27943
List the prime factors of 4120680.
2, 3, 5, 23, 1493
List the prime factors of 848090.
2, 5, 84809
List the prime factors of 5430938.
2, 2715469
List the prime factors of 1225754.
2, 612877
What are the prime factors of 303048?
2, 3, 23, 61
What are the prime factors of 3274397?
7, 509, 919
What are the prime factors of 2396384?
2, 74887
What are the prime factors of 1091926?
2, 11, 49633
What are the prime factors of 8085885?
3, 5, 31, 17389
List the prime factors of 25130755.
5, 13, 59, 6553
List the prime factors of 2622846.
2, 3, 437141
List the prime factors of 2402902.
2, 23, 52237
What are the prime factors of 27124?
2, 6781
What are the prime factors of 96082?
2, 7, 6863
What are the prime factors of 952528?
2, 37, 1609
What are the prime factors of 370561?
370561
What are the prime factors of 334443?
3, 23, 37, 131
List the prime factors of 1846856.
2, 11, 31, 677
What are the prime factors of 692463?
3, 71, 3251
List the prime factors of 5711333.
53, 107761
What are the prime factors of 79838?
2, 11, 19, 191
List the prime factors of 3091440.
2, 3, 5, 11, 1171
What are the prime factors of 86483?
197, 439
List the prime factors of 24492026.
2, 13, 19, 43, 1153
What are the prime factors of 258462?
2, 3, 83, 173
What are the prime factors of 428018?
2, 214009
List the prime factors of 1627027.
19, 4507
List the prime factors of 269223.
3, 43, 2087
What are the prime factors of 642333?
3, 19, 59, 191
What are the prime factors of 19880702?
2, 359, 27689
List the prime factors of 5284960.
2, 5, 17, 29, 67
List the prime factors of 25644112.
2, 13, 123289
What are the prime factors of 109882?
2, 54941
List the prime factors of 863037.
3, 7, 19, 103
List the prime factors of 186954.
2, 3, 31159
What are the prime factors of 420506?
2, 167, 1259
What are the prime factors of 355597?
11, 32327
List the prime factors of 2761242.
2, 3, 11, 17, 23, 107
What are the prime factors of 423656?
2, 52957
What are the prime factors of 4317479?
89, 139, 349
What are the prime factors of 115445?
5, 11, 2099
What are the prime factors of 7123929?
3, 2374643
What are the prime factors of 28021?
7, 4003
What are the prime factors of 1651772?
2, 412943
What are the prime factors of 230146?
2, 7, 17, 967
List the prime factors of 133749.
3, 7, 11, 193
List the prime factors of 2180839.
19, 114781
List the prime factors of 1529444.
2, 7, 54623
List the prime factors of 108978.
2, 3, 41, 443
What are the prime factors of 96409?
229, 421
What are the prime factors of 8613352?
2, 11, 97879
What are the prime factors of 4343573?
13, 23, 73, 199
List the prime factors of 1431360.
2, 3, 5, 7, 71
What are the prime factors of 16341751?
499, 32749
List the prime factors of 101367.
3, 7, 1609
List the prime factors of 528597.
3, 58733
What are the prime factors of 6419815?
5, 19, 67577
List the prime factors 